(u). What are the prime factors of l(f)?
13
Suppose 3*y = -92 + 488. Suppose -2*s - 289 = -3*k, -2*s - y - 62 = -2*k. What are the prime factors of k?
5, 19
Suppose -4*f = -9*f + 15. Suppose 2*p + 4*y + 14 = 0, f*y = 4*p - 24 - 3. List the prime factors of p.
3
Suppose 2*x - 5 = 1. Let j(u) = u + 0*u**2 - 3*u + u**2 - 2 - 4*u**2 - x*u**3. List the prime factors of j(-2).
2, 7
Suppose 3*r + 26 = r. What are the prime factors of (r + 0)*(5 + -8)?
3, 13
Let c(r) = r**3 + 17*r**2 + 15*r + 27. What are the prime factors of c(-15)?
2, 3, 7
Let k(d) be the third derivative of 17*d**5/60 + d**4/2 - 8*d**3 - 17*d**2. What are the prime factors of k(4)?
2, 17
Suppose -3*f - 14*f = -14025. List the prime factors of f.
3, 5, 11
Let j = -370 - -850. What are the prime factors of j?
2, 3, 5
Suppose -2*j = -7*j + 4*y + 531, -3*j - y + 322 = 0. Let r be (-9)/(-9) + (j - 0). Suppose -119 = -4*w - 2*a + a, 3*a = 3*w - r. List the prime factors of w.
31
Let y(f) = -f**3 - 7*f**2. Let x be y(-7). What are the prime factors of 105 - -4 - (-1 - x/2)?
2, 5, 11
Suppose -t + 0*t = 5*z + 120, -20 = -4*t. List the prime factors of (205/z)/(1/(-5)).
41
Let h(u) = -u**3 + 11*u**2 - 7*u + 11. Suppose -z + 4*g + 21 = 0, 0 = 2*g + 5 + 1. What are the prime factors of h(z)?
2, 5, 11
Let r(j) = 4*j**2 + 20*j + 3. Let l be r(-11). Suppose l = 6*m - 135. What are the prime factors of m?
67
Let h = 286 - 7. List the prime factors of h.
3, 31
Let x = 15 + -10. Let v(c) = -9 + 17*c + 19*c + 2 + x. List the prime factors of v(1).
2, 17
Suppose -1034*q - 4675 = -1045*q. What are the prime factors of q?
5, 17
Let y(z) = z**2 - z + 52. Let r be y(0). Let j = 5 - r. Let v = j + 103. List the prime factors of v.
2, 7
Suppose 0 = 14*r + 7371 - 22603. What are the prime factors of r?
2, 17
Suppose -2*v - 4*y + 1754 = 0, -6*y + 11*y = 4*v - 3443. List the prime factors of v.
3, 17
Let j(c) = -10*c - 5. Let f be j(-2). Suppose -3*o + 6*o = 3*x + f, -2*o + 22 = -5*x. What are the prime factors of (x + 1)*11/(-3)?
11
Suppose -a - 5929 = -3*v, 6*v = v + 2*a + 9882. What are the prime factors of v?
2, 13, 19
Suppose -3*t = 12, -5*t = -0*y - 5*y + 1835. What are the prime factors of y?
3, 11
Suppose -6*z - 8*z + 5180 = 0. List the prime factors of z.
2, 5, 37
Let g be (-132)/(-10) + 2/(-10). Let l be (4 + 12)*g/(-2). What are the prime factors of (10/(-20))/(2/l)?
2, 13
Suppose -i = 5*g - 5*i - 15990, 0 = 5*g + 5*i - 15990. List the prime factors of g.
2, 3, 13, 41
Let b be (-3 + 22/6)*-42. What are the prime factors of (-25)/(b/8 - -3)?
2, 5
What are the prime factors of 7/((-21)/(-912)) - -1?
5, 61
Let v = 43 + 826. What are the prime factors of v?
11, 79
Let w = -278 + 1547. List the prime factors of w.
3, 47
Let n = 21 - 21. Suppose n = x - 4*x + 6. What are the prime factors of 2/4*x - -42?
43
Let p = 1040 + -110. What are the prime factors of p?
2, 3, 5, 31
Let u = 1 - 0. Let i be (-1)/u*-1 - 4. Let t(a) = -2*a + 3. List the prime factors of t(i).
3
Suppose a - 6*a = 4*x - 12, 4*a + 12 = 4*x. Suppose a = g - 2 - 4. Suppose -g = -2*l + 10. List the prime factors of l.
2
Let v be 2 + 8/(-2) + 4. Suppose 4*y - j = 0, v*j = 3*y + 3*j. Suppose 2*k + 42 = -y*l + 2*l, 3*l + 5*k - 87 = 0. List the prime factors of l.
2, 3
Let b = 128 + 175. What are the prime factors of b?
3, 101
Suppose 0 = 3*u - 4*q - 993 + 57, 4*u + 2*q = 1248. What are the prime factors of u?
2, 3, 13
List the prime factors of (9/(-243)*-63)/((-1)/(-1047)).
7, 349
Suppose 25*a - 32 = 29*a. Let p(k) = k**3 + 8*k**2 - 15*k + 20. What are the prime factors of p(a)?
2, 5, 7
Suppose -3*h - 371 = -a, 5*h + a + a + 611 = 0. List the prime factors of (-4)/(-7) + (-36)/14 - h.
11
Let b(y) = -2*y - 11. Let m(p) = 9*p + 44. Let g(l) = -26*b(l) - 6*m(l). Let u be g(9). List the prime factors of 2*18/1 - u.
2
Suppose -2*b + 3*y = -5*b + 15, -b + 4*y = 20. Let d(q) = 3*q**3 + q**2 - q + 159. What are the prime factors of d(b)?
3, 53
Suppose 2*p - 3*u - 1138 = 0, 386 = 2*p - 4*u - 750. List the prime factors of p.
2, 11, 13
Suppose 5*j = -2*s - 11, 17 = 4*s - 3*j - 0*j. Suppose s*b + 0 = 124. Let n = b - 6. What are the prime factors of n?
2, 7
Suppose 23 = -5*y + 123. Let k = y + -16. Let v(l) = l**2 + 6*l - 4. List the prime factors of v(k).
2, 3
What are the prime factors of (-1*1)/(-5*10/180650)?
3613
Let a(u) = -u**3 + 8*u**2 - 4*u + 1. Suppose -15 = -3*r + 2*l, l + 5 + 5 = 2*r. Suppose -5*m = 2*z - 45, 0 = r*z - 2*z - 15. What are the prime factors of a(m)?
2, 11
Suppose -o + 3*l + 230 = 0, -l = -o - 5*l + 202. Suppose 4*i + o = -h, 5*h = i - 3*i - 100. Let z = i - -88. List the prime factors of z.
3, 11
Let x(f) = -f**3 + 15*f**2 - 13*f - 7. Let b be x(14). Suppose -b*d = 59 - 360. List the prime factors of d.
43
Let y be (4/(-3))/(4/(-6)). Let b be (y/1 + -2)/2. Suppose -5*s + 46 - 11 = b. List the prime factors of s.
7
Let f be (3 + -7)/(-4) - -1. Suppose c = -f*c. Suppose 3*s - 3*g + c = 36, g = 3. List the prime factors of s.
3, 5
Suppose 0 = 3*z - 2*b + 1325 - 11553, 0 = 5*z - 4*b - 17050. List the prime factors of z.
2, 13, 131
Suppose 65 = 2*j + 5*p, -j - j + 62 = 2*p. Suppose -j = a + 4*a. Let c(y) = -5*y - 3. List the prime factors of c(a).
3
Let x be 2*(6 - 2 - 2). Let l(m) = 2 + x - 2*m**2 - 2*m - 5*m**2 + 9*m**2. List the prime factors of l(5).
2, 23
Let u be (-143)/(-33) + 3/(3*-3). What are the prime factors of 6/u - 188/(-8)?
5
Let j(a) = 41*a**2 + 19*a - 5. List the prime factors of j(-4).
5, 23
Suppose 5*h + 4 + 6 = 0, -3*h = -c + 1204. List the prime factors of c.
2, 599
Suppose -4*t + 7*l + 28 = 3*l, -12 = 3*l. Let k(s) = s**t - 12 - 12*s + 3 + 4*s**2 + 6*s**2. List the prime factors of k(-11).
2
Suppose 0 = 5*z - 12 - 13. Suppose -5*k - 15 = 0, z*k = 4*p - 463 - 68. List the prime factors of p.
3, 43
Suppose 5*x - 55 = -w, -26 - 169 = -4*w + 5*x. Suppose -3*h - w = -z + 61, -4*h + 97 = z. List the prime factors of z.
3, 5, 7
What are the prime factors of (-32)/(-40) + (-17796)/(-30)?
2, 3, 11
Let t = 30 - 19. Let c = 123 + t. What are the prime factors of c?
2, 67
Let i(b) = b**3 + 16*b**2 + 2*b + 33. Let g be i(-16). Let f(c) be the third derivative of 17*c**6/120 - c**4/24 + c**2. What are the prime factors of f(g)?
2
Suppose 5*z - 5451 = 4*t, -81*z + 76*z + t + 5439 = 0. What are the prime factors of z?
1087
Let f = -609 - -710. What are the prime factors of f?
101
Let r(t) = -159*t + 8. Let h be (2/2*(-2)/2)/1. What are the prime factors of r(h)?
167
Suppose -6*d + 8799 = -d - 3*m, 0 = 2*m + 6. List the prime factors of d.
2, 3, 293
Suppose v = 3*c - 5, 1 = v - 2*c + c. Suppose -2 = -2*t + v. List the prime factors of (t - (3 + -8))/1.
2
Let x be (-15)/9 - (-182)/21. Let n(d) = 2*d**3 + 4*d**2 + 2*d. Let r be n(-2). Let w = x - r. What are the prime factors of w?
11
Let q be ((-12)/(-4))/(3/4). Let i be (9/12)/(1/q). Let g(s) = 2*s**3 - 4*s**2 + s - 3. What are the prime factors of g(i)?
2, 3
Let j(i) = 12*i**3 + 3*i**2 + i + 24. Let k be j(-6). List the prime factors of (-1*(-1)/(-3))/(6/k).
137
Let g be (39/9)/(2/6). Let h(l) = -6*l + 10. Let c be h(-13). Suppose -9*t + g*t = c. List the prime factors of t.
2, 11
Let r be 2*(-3)/4*(3 + -7). Suppose -2127 = -r*t - 333. List the prime factors of t.
13, 23
Let g(m) = m**3 + m**2 + 823. List the prime factors of g(0).
823
Let i(f) = 2*f - 5. Let h be i(5). Suppose -3*l - h*m + 191 = -0*l, -5*l = 4*m - 314. What are the prime factors of l?
2, 31
Suppose 5*w = -5*r, r = -2*w + 5*w + 8. Suppose 0 = -b - 2*n - 3, -b - 5*n = 17 - r. List the prime factors of 105/b - (0 - 0).
3, 7
Suppose 7064 = -62*j + 70*j. What are the prime factors of j?
883
Suppose 2 = -3*y + 5*t - 0, -4*y + 44 = 5*t. Let s be y + (-4)/((-4)/3). Let a(j) = j**2 - 5*j - 11. List the prime factors of a(s).
5
Suppose -h + 0 + 3 = 0. Suppose h*a - 212 = a. Suppose -k + a = 5*j, 2*k + 116 - 42 = 3*j. List the prime factors of j.
2, 11
Let p = -616 + 1436. List the prime factors of p.
2, 5, 41
Let t(r) be the first derivative of -5*r**2/2 + 4*r + 11. What are the prime factors of t(-4)?
2, 3
Let w be (-140)/(-65) + 4/(-26). Suppose -w*s - 81 = -5*s. List the prime factors of s.
3
Suppose 0 = -3*c + 4 + 8. Let r = 18 - c. Let b = 16 - r. List the prime factors of b.
2
Suppose -4*j + 489 = -3*z, j - 5